 of u/4 - (-5)/(-10) - -3.
3, 7
Let m = 618 + -837. What are the prime factors of 56096/50 - (m/(-75) - 3)?
2, 3, 11, 17
Let d(f) = 4*f**3 - f**2 - 7*f - 2. Let w be d(-3). Let j = -42 - w. Suppose -2*p = -2*r + 7*r - 101, -3*r = -p + j. What are the prime factors of p?
53
Suppose -19264 - 111116 = -15*o. List the prime factors of o.
2, 41, 53
Let x be (1 + 0)/(((-5)/(-1))/5). Let o(n) = 14*n + 3 - x - 13*n + 7. List the prime factors of o(0).
3
List the prime factors of 21962/8 + 1620/432.
2749
Let y = 11747 - -1826. What are the prime factors of y?
7, 277
Let a(w) = w**3 + 0*w**3 + 14 - 9*w - 17*w**2 - 2*w**3 + 25*w**2. Let g be a(6). Suppose 5*p - 5*s = 715, -5*s + g = 12. List the prime factors of p.
3, 7
Let c(h) = -h + 7. Let j be c(6). Let r(q) = -q**2 + 35. Let b be r(-6). What are the prime factors of (39 + j)/(b/(-2))?
2, 5
Let i(a) = 2*a**2 + 14*a**2 + 15*a + 27 - 4 - 10*a**2. What are the prime factors of i(-11)?
2, 73
Let g(s) = 772*s**2 - 2*s - 1. Suppose -f + 9 = -5*i, -5*i - 34 = 3*f - 41. What are the prime factors of g(i)?
773
Suppose 10*t - 4*t = 0. Suppose -2*v - 2*a + 0*a + 538 = t, 274 = v - 4*a. What are the prime factors of v?
2, 3, 5
Suppose -2*m - 481*c + 2259 = -482*c, -2*m + 4*c = -2250. List the prime factors of m.
3, 13, 29
Suppose -188248 + 8261 = -5*u - 14*u. What are the prime factors of u?
9473
Suppose 2*x = -4*u + 4324, -4*u = -10*x + 15*x - 10822. What are the prime factors of x?
2, 3, 19
List the prime factors of (16/2)/((-25)/(-22850)).
2, 457
Let c = 5015 + -2736. List the prime factors of c.
43, 53
Let q = 57 + -59. List the prime factors of 555 + -14*q/4.
2, 281
Let l(s) = -28*s + 153. Let r be l(35). Let p = r - -1300. List the prime factors of p.
11, 43
Let u be -43 + 0 - -5 - 4. Let r = u + 108. List the prime factors of r.
2, 3, 11
Suppose -4*h + 1982 - 247 = 5*n, -5*n = h - 430. Suppose -5*u = 0, 2*u + 270 = 3*t - h. List the prime factors of t.
5, 47
Let g(r) = -r**3 + 12*r**2 + 6*r - 26. List the prime factors of g(-8).
2, 3, 67
Let r(c) = -10*c - 3. Let k(v) = v**3 - 8*v**2 + v + 8. Let a be k(8). Suppose 0 = 2*i + s + a, 2*i + 4*s = 4*i + 16. What are the prime factors of r(i)?
7, 11
Suppose 0 = 5*l - 3 - 7. Suppose 5*w - 3*w + q = 8, -2*w - l*q = -6. Suppose 2*d = -3*k + 32, -2*d + d = w*k - 23. What are the prime factors of d?
13
Let n be ((-3)/(-6))/(12/(-96)). List the prime factors of (1 - n) + -2 + 794/2.
2, 5
Let l = -112 + 127. Suppose l*u = 12*u + 48. What are the prime factors of (-8968)/(-44) + u/88?
2, 3, 17
Suppose -24*i = 11*i - 58380. Suppose -12*u = -i - 6564. What are the prime factors of u?
2, 7
Let k(z) = 17*z**2 - 237*z - 11276. What are the prime factors of k(-68)?
2, 3, 19, 61
Suppose 173*n + 117*n - 6777266 = 12349394. What are the prime factors of n?
2, 7, 673
Let a = -492 + 1110. Suppose 52*h + a = 58*h. List the prime factors of h.
103
Let q(y) = y**3 - 10*y**2 + 9*y + 7. Let d be q(9). List the prime factors of 38223/63 - 8 - (-2)/d.
599
Let o(t) = 13*t - 31. Let u be o(3). Let d(h) = 3*h - 4. Let k be d(u). Suppose -8 = 4*z - k, -2*a + 101 = 3*z. List the prime factors of a.
2, 23
Let a be (1/(-2))/((-1)/(-6)). Let m be 50*(7 - (-56)/(-10)). Let j = a + m. List the prime factors of j.
67
List the prime factors of 1 + -4 - -30017 - (0 - (4 - 0)).
2, 3, 5003
Suppose 560 = 16*c + 358 - 5558. What are the prime factors of c?
2, 3, 5
What are the prime factors of (-69)/(2/(-640)*3)?
2, 5, 23
Let d = 373 + -389. What are the prime factors of ((-4)/d)/(6/6312)?
263
Suppose -4*i + 26638 + 10098 = 0. What are the prime factors of i?
2, 7, 41
Let h = -211 + 219. Suppose h*a + 657 - 3889 = 0. What are the prime factors of a?
2, 101
Let m(j) = -j**3 + 24*j**2 - 17*j - 165. Let p be m(22). Let a = 441 + p. List the prime factors of a.
2, 3, 5, 29
Let s(z) = z**3 - 6*z**2 - 151*z + 43. What are the prime factors of s(25)?
17, 479
Let c be (-10 + 0)*1/((-5)/2). Suppose 2*u - s = 3*s + 626, -c*u + 1272 = -3*s. List the prime factors of u.
3, 107
Let w = -568 - -914. Suppose 106*k = 104*k + w. List the prime factors of k.
173
Let v(m) = 3*m**2 - 26*m - 1. Let o be v(13). Let z = o + 136. List the prime factors of z.
2, 19
Let x(z) = z**3 - 7*z**2 + 2*z + 5. Let a be x(6). Let r = a + 19. Suppose 235 = 4*f - 2*i + 7*i, 5*f - 4*i - 304 = r. What are the prime factors of f?
2, 3, 5
Let h be 4/(-14) + (-13)/(1274/2030). Let v(j) = -37*j - 58. What are the prime factors of v(h)?
719
Let o be 2 + 55/10*6. Suppose -13*d + 6*d = o. Let z = d + 24. What are the prime factors of z?
19
Let m(o) = 14*o**2 + 9*o - 12. Let k be m(6). Let x = k - 109. What are the prime factors of x?
19, 23
Let m(d) = 2*d**3 - 3*d**2 + 4*d + 2. Let w be m(2). Suppose 0 = -w*v - 4*v - 36. List the prime factors of 41 + -5 + -3 + 6 + v.
37
Let m(s) = -1772*s + 7. Let g be m(-1). Suppose -3*k + g = 297. List the prime factors of k.
2, 13, 19
Suppose -58*v = -89*v + 307613. Suppose -33*m + v = -1891. List the prime factors of m.
2, 179
Let o = -93 + 97. Let j be (8/o)/(-5 - -3). List the prime factors of (-1)/j + 904/4.
227
Suppose -114478 = -501*b + 484*b. List the prime factors of b.
2, 7, 13, 37
Let c = -3 - -1. Let d(y) = -7*y**3 + y**2 - 4. Let o(w) = -7*w**3 + w**2 - 4. Let m(a) = 4*d(a) - 3*o(a). What are the prime factors of m(c)?
2, 7
Let k be (-1)/(-2*(-2)/(-12)). Let d(s) = -73*s - 25. Let f(b) = -77*b - 22. Let z(x) = 2*d(x) - 3*f(x). List the prime factors of z(k).
271
Suppose 0 = 3*p - 145 - 965. Suppose -3*l + 2*t + p + 663 = 0, -3*l + 1030 = -5*t. List the prime factors of l.
3, 5, 23
Let b(u) = 2*u**2 - 22*u + 73. Let h be b(17). Let v = h - 124. What are the prime factors of v?
3, 17
Suppose -17894 = -o + 4*c, -616*o + 2*c - 35838 = -618*o. What are the prime factors of o?
2, 13, 53
Let t be (-1769)/7 + 2 + (-18)/63. Let o = -171 - t. Suppose 17*l = 7*l + o. List the prime factors of l.
2
Let y(t) = 745*t - 6879. List the prime factors of y(25).
2, 7, 839
List the prime factors of (-2)/(-2)*(36912 + 1 - (22 + -17)).
2, 9227
Let x = 0 + 4. Suppose 5*i + 2*z - 928 = 0, 4*z = 6*i - x*i - 376. List the prime factors of (i + 1)/((3/1)/3).
11, 17
Let k(d) = -d**3 + 7*d**2 - 2*d + 9. Let t be k(7). Let p be 9/4 - t/(-19 + -1). Suppose 4*u - 2*g = 210, p*g - 230 = -5*u - 2*g. List the prime factors of u.
2, 5
Let g = 21068 - 11488. List the prime factors of g.
2, 5, 479
Let c(v) = 287*v - 51. List the prime factors of c(3).
2, 3, 5
Let z(c) = 3*c**2 + 21*c + 26. Let h(p) = -5*p**2 - 32*p - 39. Let a(l) = 5*h(l) + 8*z(l). List the prime factors of a(9).
2
Let s be (-38560)/(-75) + (-12)/90. Let n = -221 + s. List the prime factors of n.
293
Suppose 409*q - 377*q - 493120 = 0. What are the prime factors of q?
2, 5, 23, 67
Let d(t) = -2*t + 68 - 72 - 8*t**2 - 3*t**2. Let s be d(-3). What are the prime factors of (-4)/(-2) - (-3 + 3 + s)?
3, 11
Let y(a) = -105*a**2 - 31*a + 10. Let d be y(-5). Let k = 3759 + d. What are the prime factors of k?
3, 433
Suppose 0 = 2*c + 2*g - 1306, 9*g - 8*g = -3*c + 1969. Let a = 1071 - c. List the prime factors of a.
7, 59
Let o(y) = y**2 + 4*y - 20. Let a be o(-6). Let t be (a/(-24))/((-3)/(-27)). Suppose 3*n - 5*n + 691 = t*w, 0 = 3*w + n - 695. List the prime factors of w.
233
Suppose -2*r + 300 = 3*l - 0*l, -r = -3*l + 300. Let t be (-1)/(5*4/l). Let i = 31 - t. List the prime factors of i.
2, 3
Let k = 60337 + -8379. What are the prime factors of k?
2, 83, 313
Let u(y) = -2*y**3 - y**2 + 12*y + 78467. List the prime factors of u(0).
78467
Let v = 250 + -432. Suppose -1417 - 158 = -5*k. Let o = k + v. What are the prime factors of o?
7, 19
Let a(g) = -32*g + 317. Let o be (-2 - -10)/(-8) + -33. List the prime factors of a(o).
5, 281
Suppose 9*j - 53 - 127 = 0. Suppose -7*s + 3471 - j = 0. What are the prime factors of s?
17, 29
Let i(t) = 5*t**2 - 11*t - t**2 - t + 11 + t**3 - 2*t**2. Let m be i(-5). Let v(s) = -38*s - 14. List the prime factors of v(m).
2, 3, 23
Suppose 5*l + x + 117 = 3*l, 0 = l + 5*x + 63. Let u = -55 - l. What are the prime factors of u?
3
Let d be (35/(-7))/5 + (-662)/(-1). Suppose -5*b + 4*b + 1659 = 5*l, 2*l = -3*b + d. What are the prime factors of l?
2, 83
What are the prime factors of -2 + (26487 - 15) - (-1)/(-2)*12?
2, 827
Let l = -42 + 113. 